 146402018 a multiple of 607?
False
Is 5708940 a multiple of 430?
False
Is 123 a factor of 2394810?
True
Does 3512 divide 2247027610?
False
Is 1530872681 a multiple of 82?
False
Is 6 a factor of 13515038?
False
Is 135970175 a multiple of 209?
True
Is 49655565 a multiple of 14?
False
Is 6637397609 a multiple of 58?
False
Is 1524898 a multiple of 14?
False
Is 109 a factor of 5631284767?
True
Is 1342 a factor of 189263602?
True
Is 2276 a factor of 1909236256?
True
Is 3 a factor of 354290014?
False
Is 2 a factor of 46213?
False
Is 954061745 a multiple of 689?
True
Does 344 divide 263848688?
True
Is 2089470 a multiple of 51?
True
Is 19 a factor of 156643638?
True
Is 46480945 a multiple of 485?
True
Is 19232550 a multiple of 58?
False
Is 9 a factor of 248256792?
True
Is 7601906 a multiple of 61?
False
Does 483 divide 2105152602?
True
Is 11 a factor of 996779384?
False
Is 761484925 a multiple of 463?
False
Does 85 divide 37733462?
False
Is 37203102 a multiple of 3?
True
Is 2812 a factor of 174507004?
False
Is 3924 a factor of 7106364?
True
Does 663 divide 181755483?
True
Does 1538 divide 532263716?
False
Is 559677000 a multiple of 4925?
True
Is 13 a factor of 2568510?
False
Is 16846590 a multiple of 3?
True
Is 1966 a factor of 42280253?
False
Does 63 divide 37727424?
True
Does 1578 divide 30482376?
False
Is 1212254926 a multiple of 1489?
False
Is 228577482 a multiple of 371?
False
Is 640008012 a multiple of 98?
True
Is 12 a factor of 662021144?
False
Is 74526664 a multiple of 22?
False
Does 71 divide 80170452?
False
Is 18 a factor of 125081023?
False
Is 116 a factor of 507442837?
False
Does 32 divide 395498281?
False
Is 42126851 a multiple of 19?
False
Is 112 a factor of 499408?
True
Is 73446235 a multiple of 1518?
False
Does 9 divide 9055216?
False
Is 808422 a multiple of 67?
True
Is 5179955 a multiple of 361?
False
Does 11 divide 125970721?
False
Is 1667718823 a multiple of 52?
False
Is 436 a factor of 28340872?
True
Does 536 divide 117056504?
True
Is 2871 a factor of 115227585?
True
Does 19 divide 10154132?
True
Is 25 a factor of 5495827463?
False
Is 5710 a factor of 1164617421?
False
Does 21 divide 40664316?
True
Is 1356 a factor of 2071984379?
False
Is 29000930 a multiple of 34?
False
Is 3378493847 a multiple of 13?
False
Is 1292007559 a multiple of 12832?
False
Does 1028 divide 198608076?
False
Does 19 divide 856787615?
True
Does 349 divide 114739683?
True
Is 1974225822 a multiple of 33?
False
Is 243137613 a multiple of 15?
False
Is 244463550 a multiple of 25?
True
Is 18619671 a multiple of 21?
True
Is 1871 a factor of 283770828?
True
Is 1666030970 a multiple of 4847?
False
Is 2276 a factor of 3286532?
False
Is 916 a factor of 114412064?
True
Is 95 a factor of 270709435?
True
Is 1462458408 a multiple of 183?
True
Does 93 divide 128797242?
False
Does 31 divide 778486084?
False
Is 478 a factor of 106962134?
False
Is 505935976 a multiple of 169?
True
Is 6 a factor of 319409495?
False
Is 2429 a factor of 357032069?
False
Is 640 a factor of 420081523?
False
Is 2177 a factor of 159673289?
False
Is 311129004 a multiple of 97?
False
Is 27559277 a multiple of 2?
False
Does 455 divide 138703565?
True
Is 6053865 a multiple of 733?
False
Is 73 a factor of 46392376?
True
Does 640 divide 2230094080?
True
Is 97 a factor of 102751262?
False
Is 4357950 a multiple of 850?
True
Is 1420260 a multiple of 3?
True
Does 3 divide 802458076?
False
Is 376 a factor of 19805048?
True
Is 2700054 a multiple of 54?
True
Is 43 a factor of 85812098?
False
Does 26 divide 9693884?
False
Is 1601069100 a multiple of 9966?
False
Does 783 divide 10441305?
True
Is 6082560 a multiple of 144?
True
Is 2674429904 a multiple of 428?
True
Is 8 a factor of 293920516?
False
Is 4573996 a multiple of 43?
True
Is 98491194 a multiple of 6?
True
Does 9 divide 314073567?
True
Does 35 divide 91297787?
False
Does 3777 divide 639778476?
True
Does 11 divide 69331625?
True
Does 1645 divide 228702705?
True
Is 16 a factor of 4927282?
False
Is 1453878898 a multiple of 46?
True
Does 568 divide 2697053712?
True
Is 28161588 a multiple of 3731?
True
Is 248 a factor of 351138962?
False
Does 13 divide 219955948?
False
Is 9 a factor of 305951873?
False
Is 253 a factor of 1962338081?
True
Does 202 divide 327618750?
True
Is 1654993689 a multiple of 249?
True
Is 2065 a factor of 1519185519?
False
Is 1712 a factor of 58288135?
False
Is 372858346 a multiple of 59?
False
Does 2378 divide 3926465614?
True
Is 421410520 a multiple of 1396?
True
Does 3469 divide 49209418?
False
Is 2994898144 a multiple of 21?
False
Is 24105167 a multiple of 629?
True
Is 3 a factor of 5987095?
False
Does 64 divide 423275752?
False
Is 57 a factor of 124816634?
False
Is 6 a factor of 496772567?
False
Is 4542 a factor of 81115578?
True
Is 274375727 a multiple of 1322?
False
Is 22632496 a multiple of 38?
True
Is 81 a factor of 236525184?
True
Is 22708116 a multiple of 76?
True
Does 158 divide 33971580?
True
Is 209323483 a multiple of 722?
False
Is 41442226 a multiple of 287?
True
Is 141669880 a multiple of 110?
True
Does 3 divide 1296950?
False
Does 9 divide 1355210289?
True
Is 170 a factor of 268418937?
False
Does 147 divide 132513237?
False
Does 12 divide 42045576?
True
Does 2672 divide 73753367?
False
Is 458000 a multiple of 164?
False
Is 33 a factor of 87446390?
False
Does 17 divide 4903803?
True
Is 190 a factor of 1010873910?
True
Does 141 divide 25222785?
True
Does 3 divide 1166310?
True
Does 184 divide 2877336432?
True
Does 32 divide 2838868669?
False
Is 100592880 a multiple of 1392?
True
Is 22 a factor of 876299994?
False
Does 381 divide 138172698?
True
Is 4755 a factor of 2670472841?
False
Is 89 a factor of 855039852?
False
Is 210 a factor of 113464680?
True
Is 2561468 a multiple of 217?
True
Is 294 a factor of 5292652680?
True
Is 124 a factor of 7102319?
False
Does 18 divide 3192102?
True
Is 57580011 a multiple of 9?
True
Does 1140 divide 82699020?
True
Does 207 divide 13479361?
False
Is 80632243 a multiple of 25?
False
Is 3592 a factor of 42290635?
False
Does 948 divide 104998379?
False
Does 284 divide 7442788?
True
Is 79 a factor of 1075017724?
False
Does 137 divide 1534197377?
True
Is 1208102841 a multiple of 4960?
False
Is 912502140 a multiple of 172?
True
Does 1159 divide 1758635307?
True
Does 131 divide 35698405?
False
Is 10 a factor of 6828320?
True
Is 12 a factor of 4086999?
False
Is 176474960 a multiple of 80?
True
Is 410 a factor of 421984?
False
Does 506 divide 3206209798?
True
Is 34798918 a multiple of 977?
False
Is 201 a factor of 154854420?
True
Is 21 a factor of 13271980?
False
Is 282331013 a multiple of 13?
False
Is 130 a factor of 24428152?
False
Is 48798560 a multiple of 37?
True
Does 489 divide 4711757?
False
Is 57 a factor of 654078276?
False
Does 1007 divide 33039197?
False
Does 5381 divide 415932369?
False
Does 2292 divide 91209327?
False
Does 5 divide 388545?
True
Is 2513 a factor of 1662766300?
False
Does 148 divide 128397400?
True
Is 37743701 a multiple of 8?
False
Does 12 divide 97563825?
False
Is 8 a factor of 16416213?
False
Is 7312485 a multiple of 24?
False
Is 1796044771 a multiple of 16?
False
Is 3088 a factor of 8198640?
True
Does 1706 divide 55003146?
True
Does 1290 divide 12395428?
False
Does 74 divide 188406959?
False
Is 7 a factor of 511799260?
True
Is 14341203 a multiple of 30?
False
Is 277105562 a multiple of 1852?
False
Is 93 a factor of 254541?
True
Does 260 divide 1408077608?
False
Does 956 divide 353706616?
True
Does 1196 divide 15039061?
False
Is 142101316 a multiple of 449?
True
Is 139076099 a multiple of 6?
False
Does 117 divide 10226385?
True
Is 17 a factor of 721034889?
True
Is 91 a factor of 168280503?
False
Is 20976426 a multiple of 18?
True
Is 1972549763 a multiple of 61?
False
Is 344425435 a multiple of 267?
False
Is 11 a factor of 112449183?
True
Does 22 divide 1075757615?
False
Does 51 divide 7835895?
True
Is 221564105 a multiple of 36?
False
Is 36 a factor of 30990384?
True
Is 674 a factor of 4063205?
False
Is 1226 a factor of 600187074?
True
Is 3772 a factor of 1033791367?
False
Is 24 a factor of 6783840?
True
Is 442 a factor of 28189281?
False
Is 24 a factor of 7803336240?
True
Is 6 a factor of 4153480?
False
Is 156707953 a multiple of 59?
True
Is 79992181 a multiple of 15?
